{"id":1080,"date":"2024-08-29T11:37:25","date_gmt":"2024-08-29T11:37:25","guid":{"rendered":"https:\/\/cereagps.com\/?page_id=1080"},"modified":"2025-10-28T12:53:32","modified_gmt":"2025-10-28T12:53:32","slug":"equipo-android","status":"publish","type":"page","link":"https:\/\/cereagps.com\/?page_id=1080","title":{"rendered":"Equipo Android"},"content":{"rendered":"\n<div class=\"wp-block-cover alignfull\" style=\"min-height:425px;aspect-ratio:unset;\"><img loading=\"lazy\" decoding=\"async\" width=\"2048\" height=\"819\" class=\"wp-block-cover__image-background wp-image-153\" alt=\"\" src=\"https:\/\/cereagps.com\/wp-content\/uploads\/2022\/08\/PHOTO-2020-05-21-14-51-03-e1692782234177.jpg\" data-object-fit=\"cover\" srcset=\"https:\/\/cereagps.com\/wp-content\/uploads\/2022\/08\/PHOTO-2020-05-21-14-51-03-e1692782234177.jpg 2048w, https:\/\/cereagps.com\/wp-content\/uploads\/2022\/08\/PHOTO-2020-05-21-14-51-03-e1692782234177-300x120.jpg 300w, https:\/\/cereagps.com\/wp-content\/uploads\/2022\/08\/PHOTO-2020-05-21-14-51-03-e1692782234177-1024x410.jpg 1024w, https:\/\/cereagps.com\/wp-content\/uploads\/2022\/08\/PHOTO-2020-05-21-14-51-03-e1692782234177-768x307.jpg 768w, https:\/\/cereagps.com\/wp-content\/uploads\/2022\/08\/PHOTO-2020-05-21-14-51-03-e1692782234177-1536x614.jpg 1536w\" sizes=\"auto, (max-width: 2048px) 100vw, 2048px\" \/><span aria-hidden=\"true\" class=\"wp-block-cover__background has-background-dim\" style=\"background-color:#696661\"><\/span><div class=\"wp-block-cover__inner-container is-layout-flow wp-block-cover-is-layout-flow\">\n<p class=\"has-text-align-center has-ast-global-color-5-color has-text-color has-link-color has-x-large-font-size wp-elements-dc3e1e75b5624d83489d145ba3803744\"><strong>EQUIPO ANDROID<\/strong><\/p>\n<\/div><\/div>\n\n\n\n<div style=\"height:37px\" aria-hidden=\"true\" class=\"wp-block-spacer\"><\/div>\n\n\n\n<div class=\"wp-block-buttons is-layout-flex wp-block-buttons-is-layout-flex\" style=\"border-radius:9px;padding-top:var(--wp--preset--spacing--50);padding-right:var(--wp--preset--spacing--20);padding-bottom:var(--wp--preset--spacing--50);padding-left:var(--wp--preset--spacing--20)\">\n<div class=\"wp-block-button has-custom-width wp-block-button__width-50\"><a class=\"wp-block-button__link has-background has-custom-font-size wp-element-button\" href=\"https:\/\/sites.google.com\/view\/videotutoriales-cerea-equipo-t\/videotutoriales-android\" style=\"border-radius:9px;background-color:#1781be;padding-top:var(--wp--preset--spacing--50);padding-right:var(--wp--preset--spacing--20);padding-bottom:var(--wp--preset--spacing--50);padding-left:var(--wp--preset--spacing--20);font-size:18px\">MANUALES Y VIDEOTUTORIALES (ESPA\u00d1OL)<\/a><\/div>\n\n\n\n<div class=\"wp-block-button has-custom-width wp-block-button__width-50\"><a class=\"wp-block-button__link has-background has-custom-font-size wp-element-button\" href=\"https:\/\/sites.google.com\/view\/t10renglishdocumentation\/further\/android-video-tutorials\" style=\"border-radius:9px;background-color:#1781be;padding-top:var(--wp--preset--spacing--50);padding-right:var(--wp--preset--spacing--20);padding-bottom:var(--wp--preset--spacing--50);padding-left:var(--wp--preset--spacing--20);font-size:18px\">MANUALS AND VIDEO TUTORIALS (ENGLISH)<\/a><\/div>\n\n\n\n<div class=\"wp-block-button has-custom-width wp-block-button__width-50\"><a class=\"wp-block-button__link has-background has-custom-font-size wp-element-button\" href=\"https:\/\/sites.google.com\/view\/tutorielsvidocereaquipet10r\/plus-loin\/tutoriels-vid%C3%A9o-android\" style=\"border-radius:9px;background-color:#1781be;padding-top:var(--wp--preset--spacing--50);padding-right:var(--wp--preset--spacing--20);padding-bottom:var(--wp--preset--spacing--50);padding-left:var(--wp--preset--spacing--20);font-size:18px\">MANUELS ET TUTORIELS VID\u00c9O (FRAN\u00c7AIS)<\/a><\/div>\n\n\n\n<div class=\"wp-block-button has-custom-width wp-block-button__width-50\"><a class=\"wp-block-button__link has-background has-custom-font-size wp-element-button\" href=\"https:\/\/sites.google.com\/view\/cerea-video-tutorialst10r-team\/weiter\/android-tutorial-videos\" style=\"border-radius:9px;background-color:#1781be;padding-top:var(--wp--preset--spacing--50);padding-right:var(--wp--preset--spacing--20);padding-bottom:var(--wp--preset--spacing--50);padding-left:var(--wp--preset--spacing--20);font-size:18px\">HANDB\u00dcCHER UND VIDEO-TUTORIALS (DEUTSCH)<\/a><\/div>\n\n\n\n<div class=\"wp-block-button has-custom-width wp-block-button__width-50\"><a class=\"wp-block-button__link has-background has-custom-font-size wp-element-button\" href=\"https:\/\/sites.google.com\/view\/videotutorialest10rit\/ulteriore\/tutorial-video-android\" style=\"border-radius:9px;background-color:#1781be;padding-top:var(--wp--preset--spacing--50);padding-right:var(--wp--preset--spacing--20);padding-bottom:var(--wp--preset--spacing--50);padding-left:var(--wp--preset--spacing--20);font-size:18px\">MANUALI E VIDEO TUTORIAL (ITALIANO)<\/a><\/div>\n\n\n\n<div class=\"wp-block-button has-custom-width wp-block-button__width-50\"><a class=\"wp-block-button__link has-background has-custom-font-size wp-element-button\" href=\"https:\/\/sites.google.com\/view\/videotutorialesport\/tutoriais-em-v%C3%ADdeo-para-android\" style=\"border-radius:9px;background-color:#1781be;padding-top:var(--wp--preset--spacing--50);padding-right:var(--wp--preset--spacing--20);padding-bottom:var(--wp--preset--spacing--50);padding-left:var(--wp--preset--spacing--20);font-size:18px\">MANUAIS E V\u00cdDEOS TUTORIAIS (PORTUGU\u00caS)<\/a><\/div>\n\n\n\n<div class=\"wp-block-button has-custom-width wp-block-button__width-50\"><a class=\"wp-block-button__link has-background has-custom-font-size wp-element-button\" href=\"https:\/\/sites.google.com\/view\/cereavideo-tutorialst10r-team\/videotutorials-voor-android\" style=\"border-radius:9px;background-color:#1781be;padding-top:var(--wp--preset--spacing--50);padding-right:var(--wp--preset--spacing--20);padding-bottom:var(--wp--preset--spacing--50);padding-left:var(--wp--preset--spacing--20);font-size:18px\">HANDLEIDINGEN EN VIDEOTUTORIALS (NEDERLANDS)<\/a><\/div>\n\n\n\n<div class=\"wp-block-button has-custom-width wp-block-button__width-50\"><a class=\"wp-block-button__link has-background has-custom-font-size wp-element-button\" href=\"https:\/\/sites.google.com\/view\/videotturcot10r\/android-video-e%C4%9Fitimleri\" style=\"border-radius:9px;background-color:#1781be;padding-top:var(--wp--preset--spacing--50);padding-right:var(--wp--preset--spacing--20);padding-bottom:var(--wp--preset--spacing--50);padding-left:var(--wp--preset--spacing--20);font-size:18px\">KULLANIM KILAVUZLARI VE V\u0130DEO E\u011e\u0130T\u0130MLER\u0130 (T\u00dcRK\u00c7E)<\/a><\/div>\n<\/div>\n\n\n\n<div style=\"height:37px\" aria-hidden=\"true\" class=\"wp-block-spacer\"><\/div>\n","protected":false},"excerpt":{"rendered":"","protected":false},"author":1,"featured_media":0,"parent":0,"menu_order":0,"comment_status":"closed","ping_status":"closed","template":"","meta":{"_editorskit_title_hidden":false,"_editorskit_reading_time":0,"_editorskit_is_block_options_detached":false,"_editorskit_block_options_position":"{}","site-sidebar-layout":"default","site-content-layout":"","ast-site-content-layout":"default","site-content-style":"default","site-sidebar-style":"default","ast-global-header-display":"","ast-banner-title-visibility":"","ast-main-header-display":"","ast-hfb-above-header-display":"","ast-hfb-below-header-display":"","ast-hfb-mobile-header-display":"","site-post-title":"disabled","ast-breadcrumbs-content":"","ast-featured-img":"","footer-sml-layout":"","theme-transparent-header-meta":"","adv-header-id-meta":"","stick-header-meta":"","header-above-stick-meta":"","header-main-stick-meta":"","header-below-stick-meta":"","astra-migrate-meta-layouts":"set","ast-page-background-enabled":"default","ast-page-background-meta":{"desktop":{"background-color":"","background-image":"","background-repeat":"repeat","background-position":"center center","background-size":"auto","background-attachment":"scroll","background-type":"","background-media":"","overlay-type":"","overlay-color":"","overlay-opacity":"","overlay-gradient":""},"tablet":{"background-color":"","background-image":"","background-repeat":"repeat","background-position":"center center","background-size":"auto","background-attachment":"scroll","background-type":"","background-media":"","overlay-type":"","overlay-color":"","overlay-opacity":"","overlay-gradient":""},"mobile":{"background-color":"","background-image":"","background-repeat":"repeat","background-position":"center center","background-size":"auto","background-attachment":"scroll","background-type":"","background-media":"","overlay-type":"","overlay-color":"","overlay-opacity":"","overlay-gradient":""}},"ast-content-background-meta":{"desktop":{"background-color":"var(--ast-global-color-5)","background-image":"","background-repeat":"repeat","background-position":"center center","background-size":"auto","background-attachment":"scroll","background-type":"","background-media":"","overlay-type":"","overlay-color":"","overlay-opacity":"","overlay-gradient":""},"tablet":{"background-color":"var(--ast-global-color-5)","background-image":"","background-repeat":"repeat","background-position":"center center","background-size":"auto","background-attachment":"scroll","background-type":"","background-media":"","overlay-type":"","overlay-color":"","overlay-opacity":"","overlay-gradient":""},"mobile":{"background-color":"var(--ast-global-color-5)","background-image":"","background-repeat":"repeat","background-position":"center center","background-size":"auto","background-attachment":"scroll","background-type":"","background-media":"","overlay-type":"","overlay-color":"","overlay-opacity":"","overlay-gradient":""}},"footnotes":""},"class_list":["post-1080","page","type-page","status-publish","hentry"],"yoast_head":"<!-- This site is optimized with the Yoast SEO plugin v25.5 - https:\/\/yoast.com\/wordpress\/plugins\/seo\/ -->\n<title>Equipo Android - cereagps<\/title>\n<meta name=\"robots\" content=\"index, follow, max-snippet:-1, max-image-preview:large, max-video-preview:-1\" \/>\n<link rel=\"canonical\" href=\"https:\/\/cereagps.com\/?page_id=1080\" \/>\n<meta property=\"og:locale\" content=\"en_US\" \/>\n<meta property=\"og:type\" content=\"article\" \/>\n<meta property=\"og:title\" content=\"Equipo Android - cereagps\" \/>\n<meta property=\"og:url\" content=\"https:\/\/cereagps.com\/?page_id=1080\" \/>\n<meta property=\"og:site_name\" content=\"cereagps\" \/>\n<meta property=\"article:publisher\" content=\"https:\/\/www.facebook.com\/groups\/712599805477230\/\" \/>\n<meta property=\"article:modified_time\" content=\"2025-10-28T12:53:32+00:00\" \/>\n<meta property=\"og:image\" content=\"https:\/\/cereagps.com\/wp-content\/uploads\/2022\/08\/PHOTO-2020-05-21-14-51-03-e1692782234177.jpg\" \/>\n\t<meta property=\"og:image:width\" content=\"2048\" \/>\n\t<meta property=\"og:image:height\" content=\"819\" \/>\n\t<meta property=\"og:image:type\" content=\"image\/jpeg\" \/>\n<meta name=\"twitter:card\" content=\"summary_large_image\" \/>\n<meta name=\"twitter:label1\" content=\"Est. reading time\" \/>\n\t<meta name=\"twitter:data1\" content=\"1 minute\" \/>\n<script type=\"application\/ld+json\" class=\"yoast-schema-graph\">{\"@context\":\"https:\/\/schema.org\",\"@graph\":[{\"@type\":\"WebPage\",\"@id\":\"https:\/\/cereagps.com\/?page_id=1080\",\"url\":\"https:\/\/cereagps.com\/?page_id=1080\",\"name\":\"Equipo Android - cereagps\",\"isPartOf\":{\"@id\":\"https:\/\/cereagps.com\/#website\"},\"primaryImageOfPage\":{\"@id\":\"https:\/\/cereagps.com\/?page_id=1080#primaryimage\"},\"image\":{\"@id\":\"https:\/\/cereagps.com\/?page_id=1080#primaryimage\"},\"thumbnailUrl\":\"https:\/\/cereagps.com\/wp-content\/uploads\/2022\/08\/PHOTO-2020-05-21-14-51-03-e1692782234177.jpg\",\"datePublished\":\"2024-08-29T11:37:25+00:00\",\"dateModified\":\"2025-10-28T12:53:32+00:00\",\"breadcrumb\":{\"@id\":\"https:\/\/cereagps.com\/?page_id=1080#breadcrumb\"},\"inLanguage\":\"en-US\",\"potentialAction\":[{\"@type\":\"ReadAction\",\"target\":[\"https:\/\/cereagps.com\/?page_id=1080\"]}]},{\"@type\":\"ImageObject\",\"inLanguage\":\"en-US\",\"@id\":\"https:\/\/cereagps.com\/?page_id=1080#primaryimage\",\"url\":\"https:\/\/cereagps.com\/wp-content\/uploads\/2022\/08\/PHOTO-2020-05-21-14-51-03-e1692782234177.jpg\",\"contentUrl\":\"https:\/\/cereagps.com\/wp-content\/uploads\/2022\/08\/PHOTO-2020-05-21-14-51-03-e1692782234177.jpg\",\"width\":2048,\"height\":819},{\"@type\":\"BreadcrumbList\",\"@id\":\"https:\/\/cereagps.com\/?page_id=1080#breadcrumb\",\"itemListElement\":[{\"@type\":\"ListItem\",\"position\":1,\"name\":\"Home\",\"item\":\"https:\/\/cereagps.com\/\"},{\"@type\":\"ListItem\",\"position\":2,\"name\":\"Equipo Android\"}]},{\"@type\":\"WebSite\",\"@id\":\"https:\/\/cereagps.com\/#website\",\"url\":\"https:\/\/cereagps.com\/\",\"name\":\"cereagps\",\"description\":\"auto guiado\",\"publisher\":{\"@id\":\"https:\/\/cereagps.com\/#organization\"},\"potentialAction\":[{\"@type\":\"SearchAction\",\"target\":{\"@type\":\"EntryPoint\",\"urlTemplate\":\"https:\/\/cereagps.com\/?s={search_term_string}\"},\"query-input\":{\"@type\":\"PropertyValueSpecification\",\"valueRequired\":true,\"valueName\":\"search_term_string\"}}],\"inLanguage\":\"en-US\"},{\"@type\":\"Organization\",\"@id\":\"https:\/\/cereagps.com\/#organization\",\"name\":\"cereagps\",\"url\":\"https:\/\/cereagps.com\/\",\"logo\":{\"@type\":\"ImageObject\",\"inLanguage\":\"en-US\",\"@id\":\"https:\/\/cereagps.com\/#\/schema\/logo\/image\/\",\"url\":\"https:\/\/cereagps.com\/wp-content\/uploads\/2022\/08\/cropped-logo-Cerea_fondo_transp-e1661501686773.png\",\"contentUrl\":\"https:\/\/cereagps.com\/wp-content\/uploads\/2022\/08\/cropped-logo-Cerea_fondo_transp-e1661501686773.png\",\"width\":512,\"height\":171,\"caption\":\"cereagps\"},\"image\":{\"@id\":\"https:\/\/cereagps.com\/#\/schema\/logo\/image\/\"},\"sameAs\":[\"https:\/\/www.facebook.com\/groups\/712599805477230\/\"]}]}<\/script>\n<!-- \/ Yoast SEO plugin. -->","yoast_head_json":{"title":"Equipo Android - cereagps","robots":{"index":"index","follow":"follow","max-snippet":"max-snippet:-1","max-image-preview":"max-image-preview:large","max-video-preview":"max-video-preview:-1"},"canonical":"https:\/\/cereagps.com\/?page_id=1080","og_locale":"en_US","og_type":"article","og_title":"Equipo Android - cereagps","og_url":"https:\/\/cereagps.com\/?page_id=1080","og_site_name":"cereagps","article_publisher":"https:\/\/www.facebook.com\/groups\/712599805477230\/","article_modified_time":"2025-10-28T12:53:32+00:00","og_image":[{"width":2048,"height":819,"url":"https:\/\/cereagps.com\/wp-content\/uploads\/2022\/08\/PHOTO-2020-05-21-14-51-03-e1692782234177.jpg","type":"image\/jpeg"}],"twitter_card":"summary_large_image","twitter_misc":{"Est. reading time":"1 minute"},"schema":{"@context":"https:\/\/schema.org","@graph":[{"@type":"WebPage","@id":"https:\/\/cereagps.com\/?page_id=1080","url":"https:\/\/cereagps.com\/?page_id=1080","name":"Equipo Android - cereagps","isPartOf":{"@id":"https:\/\/cereagps.com\/#website"},"primaryImageOfPage":{"@id":"https:\/\/cereagps.com\/?page_id=1080#primaryimage"},"image":{"@id":"https:\/\/cereagps.com\/?page_id=1080#primaryimage"},"thumbnailUrl":"https:\/\/cereagps.com\/wp-content\/uploads\/2022\/08\/PHOTO-2020-05-21-14-51-03-e1692782234177.jpg","datePublished":"2024-08-29T11:37:25+00:00","dateModified":"2025-10-28T12:53:32+00:00","breadcrumb":{"@id":"https:\/\/cereagps.com\/?page_id=1080#breadcrumb"},"inLanguage":"en-US","potentialAction":[{"@type":"ReadAction","target":["https:\/\/cereagps.com\/?page_id=1080"]}]},{"@type":"ImageObject","inLanguage":"en-US","@id":"https:\/\/cereagps.com\/?page_id=1080#primaryimage","url":"https:\/\/cereagps.com\/wp-content\/uploads\/2022\/08\/PHOTO-2020-05-21-14-51-03-e1692782234177.jpg","contentUrl":"https:\/\/cereagps.com\/wp-content\/uploads\/2022\/08\/PHOTO-2020-05-21-14-51-03-e1692782234177.jpg","width":2048,"height":819},{"@type":"BreadcrumbList","@id":"https:\/\/cereagps.com\/?page_id=1080#breadcrumb","itemListElement":[{"@type":"ListItem","position":1,"name":"Home","item":"https:\/\/cereagps.com\/"},{"@type":"ListItem","position":2,"name":"Equipo Android"}]},{"@type":"WebSite","@id":"https:\/\/cereagps.com\/#website","url":"https:\/\/cereagps.com\/","name":"cereagps","description":"auto guiado","publisher":{"@id":"https:\/\/cereagps.com\/#organization"},"potentialAction":[{"@type":"SearchAction","target":{"@type":"EntryPoint","urlTemplate":"https:\/\/cereagps.com\/?s={search_term_string}"},"query-input":{"@type":"PropertyValueSpecification","valueRequired":true,"valueName":"search_term_string"}}],"inLanguage":"en-US"},{"@type":"Organization","@id":"https:\/\/cereagps.com\/#organization","name":"cereagps","url":"https:\/\/cereagps.com\/","logo":{"@type":"ImageObject","inLanguage":"en-US","@id":"https:\/\/cereagps.com\/#\/schema\/logo\/image\/","url":"https:\/\/cereagps.com\/wp-content\/uploads\/2022\/08\/cropped-logo-Cerea_fondo_transp-e1661501686773.png","contentUrl":"https:\/\/cereagps.com\/wp-content\/uploads\/2022\/08\/cropped-logo-Cerea_fondo_transp-e1661501686773.png","width":512,"height":171,"caption":"cereagps"},"image":{"@id":"https:\/\/cereagps.com\/#\/schema\/logo\/image\/"},"sameAs":["https:\/\/www.facebook.com\/groups\/712599805477230\/"]}]}},"_links":{"self":[{"href":"https:\/\/cereagps.com\/index.php?rest_route=\/wp\/v2\/pages\/1080","targetHints":{"allow":["GET"]}}],"collection":[{"href":"https:\/\/cereagps.com\/index.php?rest_route=\/wp\/v2\/pages"}],"about":[{"href":"https:\/\/cereagps.com\/index.php?rest_route=\/wp\/v2\/types\/page"}],"author":[{"embeddable":true,"href":"https:\/\/cereagps.com\/index.php?rest_route=\/wp\/v2\/users\/1"}],"replies":[{"embeddable":true,"href":"https:\/\/cereagps.com\/index.php?rest_route=%2Fwp%2Fv2%2Fcomments&post=1080"}],"version-history":[{"count":27,"href":"https:\/\/cereagps.com\/index.php?rest_route=\/wp\/v2\/pages\/1080\/revisions"}],"predecessor-version":[{"id":1490,"href":"https:\/\/cereagps.com\/index.php?rest_route=\/wp\/v2\/pages\/1080\/revisions\/1490"}],"wp:attachment":[{"href":"https:\/\/cereagps.com\/index.php?rest_route=%2Fwp%2Fv2%2Fmedia&parent=1080"}],"curies":[{"name":"wp","href":"https:\/\/api.w.org\/{rel}","templated":true}]}}